q + 100590 = 0. What is the hundreds digit of q?
3
Let s(a) = -a**2 - 2 + 1 + a - 3 + 4*a. Let i be s(3). Suppose -2*f + i*o = -44, -2*o = 4*f - 2*f - 32. What is the units digit of f?
9
Let x(f) = 5*f**3 + 4*f**2 + 2*f - 2. Let h(b) = b**3. Let n be (-2)/(-7) + (-27)/21. Let y(v) = n*x(v) + 4*h(v). What is the units digit of y(-4)?
0
Let x = -31 - -10. Let h = 24 + x. Suppose -5*f + 138 - 2 = h*i, 2*f + 4*i - 46 = 0. What is the units digit of f?
9
Suppose 500*x - 8960 = 490*x. What is the units digit of x?
6
Suppose -3*y + 2*i + 2141 = -1500, -3*i = -5*y + 6067. What is the tens digit of y?
1
What is the tens digit of (-12 - -93)/(-9) - -850?
4
Suppose -2*m = -11 - 41. Suppose -m*k + 29*k - 96 = 0. What is the units digit of k?
2
Suppose -71 = -4*x - 19. Let n = -9 + x. Let s = n - 3. What is the units digit of s?
1
Let t(u) = -u**2 - 4*u + 132. Let i be t(0). Let d = -75 + i. What is the units digit of d?
7
Let o(l) = l**3 + 22*l**2 - 4*l - 67. What is the tens digit of o(-22)?
2
Let k(l) = -l**3 + 13*l**2 - 15*l + 6. What is the units digit of k(6)?
8
Let g(y) = -y**3 - 9*y**2 + y + 8. Let q be -9 - (0 - (0 + 0)). Let j be g(q). Let a(w) = -22*w + 2. What is the tens digit of a(j)?
2
Let z(i) = 3*i**3 + 5*i - 91. Let x(o) be the first derivative of o**4/4 + o**2 - 30*o + 9. Let j(d) = 8*x(d) - 3*z(d). What is the units digit of j(0)?
3
Let z = 10 - 10. Suppose z = -3*g + 3 + 3. Suppose g*v + 29 = 3*s, 0 = s - 5*v - 6 - 21. What is the units digit of s?
7
Suppose -d - 1548 = -4*r - 0*r, 3*r = -4*d + 1180. What is the hundreds digit of r?
3
Let c = 5704 - 689. What is the units digit of c?
5
Let a(g) = 9*g**2 - g. Let h be a(-1). Let c(n) = 5*n**3 - n**2. Let p be c(1). Suppose -p = -h*x + 6*x. What is the units digit of x?
1
Let l(a) = -a**3 + 16*a**2 + 3*a - 51. Let q be l(16). What is the tens digit of (30/(-12) + q)*-52?
8
Suppose 4*p - 4 = -3*n - 5, 0 = 3*p + 2*n. Let r(v) be the third derivative of 17*v**4/24 + v**3/6 + v**2. What is the tens digit of r(p)?
3
Suppose -2 = 2*s - 8. Suppose 3*i = 5*a + 125, 130 = s*i - a + 9. What is the tens digit of i?
4
What is the tens digit of (236/(-8))/(((-42)/120)/7)?
9
Let y = -730 - -1197. What is the tens digit of y?
6
Let z = 10 - 6. Let d = -27 - -31. Suppose -d*g = 12, z*g - 35 = -4*h + 9. What is the tens digit of h?
1
Let x = 19 - 10. Let w be 16/5 + x/(-45). Suppose 7*v - 85 = -5*r + 4*v, -1 = r - w*v. What is the tens digit of r?
1
Let g(t) = -14*t**3 + 9*t**2 + 11*t + 36. What is the units digit of g(-7)?
2
Suppose 2*x - 425 = 623. What is the units digit of x?
4
Suppose 0 = 6*p - 2253 - 2349. What is the tens digit of p?
6
Suppose -8 = -q + g, q + 23 - 7 = -5*g. What is the units digit of 116/q*(2 + 3/(-3))?
9
Let r be (-16)/6*2*60/(-32). What is the tens digit of (-730)/r*(1 - 2)?
7
Let b(d) be the second derivative of 0 - 10*d + 0*d**3 + 2*d**2 + 1/12*d**4. What is the tens digit of b(3)?
1
Let d be -1 + -3 + (5 - -4). What is the tens digit of (d/(-2))/(-5)*72?
3
Let x = 69 - 36. Let g = 44 + x. What is the units digit of g?
7
Suppose 0 = 3*i - 6, -c + 3*i = -5*c + 22. Suppose 2*n + 4*b - 346 = 0, c*n + b = -4*b + 677. What is the units digit of n?
3
Let y = 1631 + -857. Suppose -3*u + y = 147. What is the units digit of u?
9
Let o = -1239 + 1779. What is the tens digit of o?
4
Suppose 3*n = 2*c + 460, -n = 5*c - 269 + 93. What is the units digit of n?
6
Suppose 5*p - 16 = 4*l, -4*p - 8 = p + 2*l. Suppose 2*a + c - 70 - 168 = p, 3*c + 339 = 3*a. What is the hundreds digit of a?
1
Let j = 336 - 170. What is the tens digit of j?
6
Suppose 19*d + 32 = 23*d. What is the units digit of d?
8
Suppose x - 6*x - 1275 = 5*y, 5*x - 5*y + 1265 = 0. Let j = -179 - x. What is the units digit of j?
5
Let h(f) = f**3 + 7*f**2 + f - 8. Suppose -5*w - 4*i - 38 = 0, 10 = -4*i + 2. What is the tens digit of h(w)?
2
Suppose -1212 = 5*x + 3*q - 2990, 0 = 2*x + 5*q - 715. What is the units digit of x?
5
Suppose -5*j = -3*f - 323, -5*f + 48 = j - 11. Let z = j + 19. What is the units digit of z?
3
Let d be ((-3)/2)/((-5)/10). Suppose -5*j - 6 = 4, 4*s - d*j - 6 = 0. Suppose -r + o + 32 = 7, s = 2*r + 4*o - 56. What is the units digit of r?
6
Suppose -3*g + 3*h = -7*g - 2020, 0 = 4*h + 16. Let s = g + 792. What is the hundreds digit of s?
2
Let g be (11 + 3)*(-1 - 0). Let c(h) = h**3 + 13*h**2 - 15*h - 8. What is the units digit of c(g)?
6
Let y be (2 + (-7)/2)*-26. Suppose y = -5*w - 41. What is the units digit of (-2)/8 - 260/w?
6
Suppose -12*l + 27847 + 6821 = 0. What is the thousands digit of l?
2
Suppose -4*k = -405 - 1127. What is the tens digit of k?
8
What is the thousands digit of 2/3 + 15364/12?
1
Let x be 1/2*72/(-9). Let k(f) = f**3 + 3*f**2 - 12*f - 14. What is the units digit of k(x)?
8
Suppose 2*c = -7*c + 1611. Suppose c - 7 = 2*u. What is the tens digit of u?
8
Let q(i) = i**2 + i - 1. Let f be q(-4). Let g = f + -9. Suppose 4*t = g*t + 2*z + 64, 4*t + 5*z - 92 = 0. What is the units digit of t?
8
Let w = -20 - -23. Suppose w*h - 21 = -2*v, 2*v - 3 - 6 = h. Let u = 15 + v. What is the units digit of u?
1
Suppose 0 = 25*v - 24*v - 55. Let h(c) = c**2 - 6*c. Let x be h(6). Suppose 0 = -0*k + 4*k + 2*i - 110, k - 5*i - v = x. What is the tens digit of k?
3
Suppose m + 4*n + 5397 = 6*m, -3*n = m - 1068. What is the thousands digit of m?
1
Suppose -5*t + 4*a = -487, a = 2*a + 3. Let b = t - 55. Suppose -3*j - 5*k = -b - 8, -5*j + 5*k + 40 = 0. What is the tens digit of j?
1
Suppose -20*q = -17*q - 7890. What is the thousands digit of q?
2
Let o(f) = 38*f**2 - 18*f - 77. What is the tens digit of o(8)?
1
Let x be 8 + (0 - 4) + 29. Suppose -7*s = -562 - x. What is the units digit of s?
5
Let i(r) = 5*r**2 + 39*r - 49. What is the units digit of i(-24)?
5
Suppose -7*b = -2*b - 35. Suppose -b*k - 40 + 411 = 0. What is the units digit of k?
3
Let j = -495 - -856. What is the tens digit of j?
6
Let h be (-6)/(-21) - (-135)/(-7). Suppose -3*d - 33 - 47 = 2*j, -4*j - 192 = -2*d. Let s = h - j. What is the tens digit of s?
2
Let q be (-63)/(6/(-2)) + 2. Let b(a) = 5*a**2 + 2. Let c be b(-2). Suppose -5*p - 2*v + q = -c, 5*p + v - 40 = 0. What is the units digit of p?
7
Let q(o) = -31*o - 274. What is the hundreds digit of q(-40)?
9
What is the hundreds digit of 19328/(-96)*(10/(-4) - 2)?
9
Let h(a) = 11 - 2*a - 16 - 2*a. Let c be h(9). Let b = 75 + c. What is the tens digit of b?
3
Suppose 3*a + 4*m + 1 = -3, 0 = 4*a - m + 18. What is the units digit of -2*1/a*146?
3
Let p = -793 - -1196. What is the hundreds digit of p?
4
Suppose -4*i + 1 = -z, 0*i = 5*i + 2*z + 2. Suppose i = -3*d - 3*d + 258. What is the tens digit of d?
4
Let h = -307 - -892. What is the tens digit of h?
8
Let o(f) be the second derivative of f**3/6 + 7*f**2 - 2*f. What is the tens digit of o(6)?
2
What is the tens digit of (-2 - 7/(-5))*35*-5?
0
Let j be (-5)/(-3) + (-4)/6. Suppose 2*h + 87 = u + 14, -h - 1 = 0. Let p = u + j. What is the units digit of p?
2
Suppose 0*g + 3*g = 4*u + 25, 4 = -u. Suppose 3*a = -g*v + 240, -35 + 121 = v - 5*a. What is the units digit of v?
1
Suppose 0 = 131*f - 130*f - 244. What is the hundreds digit of f?
2
Let y(z) = -2*z**3 - 67*z**2 - 42*z - 41. What is the units digit of y(-33)?
6
What is the tens digit of 478/(-8)*(74 - 78)?
3
Let u(v) = -3*v**3 + 19*v**2 + v - 5*v**3 + 7*v**3 + 17. What is the units digit of u(19)?
6
Let w(o) = o**3 + 7*o**2 - 6*o - 10. Let u be w(-7). Suppose -7*i - u = -9*i. Suppose -3*p + 5 = -i. What is the units digit of p?
7
Let q(p) = -4*p**2 - p - 1. Suppose -r + 3*f - 5 = 3*r, 5*f = -3*r + 18. Let y be q(r). What is the units digit of 2/4 - 105/y?
8
Let o(l) = 2 + l - 4*l - 2. Let c = 30 + -37. What is the units digit of o(c)?
1
Suppose -2*h - 2*h + 176 = 0. Suppose 6*p - 8*p = -h. What is the tens digit of p?
2
Let d be ((-900)/(-8))/(-2*(-3)/12). Suppose -d = -3*w - 3*v, w + v = -4*v + 83. What is the tens digit of w?
7
Suppose -q - q = -3*s - 350, -q - 5*s + 175 = 0. Let m = -100 + q. What is the units digit of m?
5
Let k = 636 + -154. What is the tens digit of k?
8
Let d be -5 + -2 + 3 + 6. Suppose -m + d*n = -91, -3*n + 154 + 0 = 2*m. What is the units digit of m?
3
Suppose 5*t + 188 = t. Let g = -983 - -962. Let q = g - t. What is the tens digit of q?
2
Let